{"id":21495,"date":"2024-03-07T15:33:28","date_gmt":"2024-03-07T14:33:28","guid":{"rendered":"https:\/\/steinzauber-online.de\/?post_type=product&#038;p=21495"},"modified":"2025-12-17T20:21:43","modified_gmt":"2025-12-17T19:21:43","slug":"anhaenger-ginko-blatt-aus-925-sterling-silber","status":"publish","type":"product","link":"https:\/\/steinzauber-online.de\/index.php\/produkt\/anhaenger-ginko-blatt-aus-925-sterling-silber\/","title":{"rendered":"Anh\u00e4nger Ginko Blatt aus 925 Sterling Silber"},"content":{"rendered":"<p>Wundersch\u00f6ner, zeitloser, Anh\u00e4nger in Form eines Ginko Blattes aus 925 Sterling Silber.<br \/>\nDas Innere wurde hier matt geb\u00fcrstet und schafft somit in einem spannenden Kontrast zu den hoch gl\u00e4nzenden R\u00e4ndern .<br \/>\nEin wundersch\u00f6ner klassischer Anh\u00e4nger der durch seine zur\u00fcckhaltende Eleganz ganz hervorragend zum klassischen Business Look passt, aber auch zu Jeans setzt er einen wunderbaren Kontrast.<\/p>\n<p>Dieser Anh\u00e4nger kann sehr gut an einem Halsreif oder einer Silberkette getragen werden.<br \/>\nAls sportliche Variante empfehlen wir eine Leder oder Kautschukkette, diese finden Sie ebenfalls im Shop.<br \/>\nDie hier als Beispiel abgebildeten Halsketten geh\u00f6ren sind nicht Bestandteil dieses Angebotes.<br \/>\nDu findest sie im Shop unter Zubeh\u00f6r.<\/p>\n<p>Ob zu einem sportlichen Outfit mit Jeans oder zu festlicher Garderobe, dieser Anh\u00e4nger passt zu jeder Kleidung und jedem Anlass.<br \/>\nDieser wundersch\u00f6ne Schmuck eignet sich hervorragend um sich selbst etwas sch\u00f6nes zu g\u00f6nnen, oder als Geschenk f\u00fcr einen besonderen Menschen, Schmuck macht einfach gl\u00fccklich.<br \/>\nAlle Schmuckst\u00fccke werden bei uns mit h\u00f6chster Sorgfalt liebevoll verpackt.<\/p>\n<p>\u2605 Gr\u00f6\u00dfenangaben:<br \/>\n\u2713Anh\u00e4ngerh\u00f6he mit \u00d6se ca.: 25 mm<\/p>\n<p>\u2605 Das Material:<br \/>\n\u2713 925 Sterlingsilber<\/p>\n<p>\u2605 Herstellung:<br \/>\n\u2713 Jedes Schmuckst\u00fcck wird traditionell mit h\u00f6chster Pr\u00e4zession bis ins kleinste Detail von Hand gefertigt.<\/p>\n<p>\u2713 Bei allen Edelsteinen handelt es sich um Steine h\u00f6chster Qualit\u00e4t aus fairem Handel.<\/p>\n<p>\u2713 Alle Schmuckst\u00fccke sind mit einem Anlaufschutz versehen, allerdings liegt es in der Natur, dass mit der Zeit doch eine gewisse Oxydation sichtbar wird.<\/p>\n<p>\u2605 Lieferung:<br \/>\n\u2713 Dieses Schmuckst\u00fcck liefern wir euch sorgf\u00e4ltig und liebevoll verpackt mit versichertem Versand und Sendeverfolgung.<\/p>\n<p>\u2605 Service:<br \/>\n\u2713 Unser Service endet nicht mit dem Verkauf, unsere Manufaktur bietet Ihnen auch eine professionelle Schmuckreinigung der bei uns gekauften Schmuckst\u00fccke an. Dazu bitten wir vorab um Kontaktaufnahme.<\/p>\n<p>\u2713 Auf Wunsch verpacken wir Ihre Bestellung auch als Geschenk, der wir auch gerne eine pers\u00f6nliche Nachricht von Ihnen zuf\u00fcgen.<\/p>\n<p>\u2713 Alle Schmuckst\u00fccke werden mit Liebe hergestellt und wir freuen uns sehr \u00fcber R\u00fcckmeldungen und zufriedene Kunden.<br \/>\nWir sind erst dann gl\u00fccklich wenn es uns gelungen ist, euch (oder die von euch Beschenkten) gl\u00fccklich zu machen.<\/p>\n<p>Eure Petra von Steinzauber<\/p>\n<p><strong>Die abgebildete Kette ist nicht Bestandteil dieses Angebotes.\u00a0<\/strong>Diese findest du unter Zubeh\u00f6r.<\/p>\n","protected":false},"excerpt":{"rendered":"<p>Wundersch\u00f6ner, zeitloser, Anh\u00e4nger in Form eines Ginko Blattes aus 925 Sterling Silber. Das Innere wurde hier matt geb\u00fcrstet und schafft somit in einem spannenden Kontrast zu den hoch gl\u00e4nzenden R\u00e4ndern . Ein wundersch\u00f6ner klassischer Anh\u00e4nger der durch seine zur\u00fcckhaltende Eleganz ganz hervorragend zum klassischen Business Look passt, aber auch zu Jeans setzt er einen wunderbaren [&#8230;]<\/p>\n","protected":false},"featured_media":21496,"template":"","meta":[],"product_brand":[],"product_cat":[1138,715,603],"product_tag":[1128,309,1946,1947,1949,1948,1950,203,926],"class_list":{"0":"post-21495","1":"product","2":"type-product","3":"status-publish","4":"has-post-thumbnail","6":"product_cat-anhaenger-sterling-silber-ohne-stein","7":"product_cat-amulette-aus-silber","8":"product_cat-neue-artikel-bei-steinzauber","9":"product_tag-925-sterling-silber","10":"product_tag-anhaenger","11":"product_tag-anhaenger-ginko-blatt","12":"product_tag-ginko-anhaenger","13":"product_tag-ginko-blatt","14":"product_tag-ginko-blatt-silber","15":"product_tag-ginkoblatt","16":"product_tag-silber","17":"product_tag-sterling-silber","19":"first","20":"instock","21":"taxable","22":"shipping-taxable","23":"purchasable","24":"product-type-simple"},"yoast_head":"<!-- This site is optimized with the Yoast SEO plugin v24.3 - https:\/\/yoast.com\/wordpress\/plugins\/seo\/ -->\n<title>Anh\u00e4nger Ginko Blatt aus 925 Sterling Silber - Steinzauber\u00ae<\/title>\n<meta name=\"description\" content=\"Anh\u00e4nger Ginko Blatt aus 925 Sterling Silber\" \/>\n<meta name=\"robots\" content=\"index, follow, max-snippet:-1, max-image-preview:large, max-video-preview:-1\" \/>\n<link rel=\"canonical\" href=\"https:\/\/steinzauber-online.de\/index.php\/produkt\/anhaenger-ginko-blatt-aus-925-sterling-silber\/\" \/>\n<meta property=\"og:locale\" content=\"de_DE\" \/>\n<meta property=\"og:type\" content=\"article\" \/>\n<meta property=\"og:title\" content=\"Anh\u00e4nger Ginko Blatt aus 925 Sterling Silber - Steinzauber\u00ae\" \/>\n<meta property=\"og:description\" content=\"Anh\u00e4nger Ginko Blatt aus 925 Sterling Silber\" \/>\n<meta property=\"og:url\" content=\"https:\/\/steinzauber-online.de\/index.php\/produkt\/anhaenger-ginko-blatt-aus-925-sterling-silber\/\" \/>\n<meta property=\"og:site_name\" content=\"Steinzauber\u00ae\" \/>\n<meta property=\"article:publisher\" content=\"https:\/\/de-de.facebook.com\/Steinzauber\/\" \/>\n<meta property=\"article:modified_time\" content=\"2025-12-17T19:21:43+00:00\" \/>\n<meta property=\"og:image\" content=\"https:\/\/steinzauber-online.de\/wp-content\/uploads\/2024\/03\/anhanger-ginko-silber-01-scaled.jpg\" \/>\n\t<meta property=\"og:image:width\" content=\"2560\" \/>\n\t<meta property=\"og:image:height\" content=\"1920\" \/>\n\t<meta property=\"og:image:type\" content=\"image\/jpeg\" \/>\n<meta name=\"twitter:card\" content=\"summary_large_image\" \/>\n<meta name=\"twitter:label1\" content=\"Gesch\u00e4tzte Lesezeit\" \/>\n\t<meta name=\"twitter:data1\" content=\"3\u00a0Minuten\" \/>\n<script type=\"application\/ld+json\" class=\"yoast-schema-graph\">{\"@context\":\"https:\/\/schema.org\",\"@graph\":[{\"@type\":\"WebPage\",\"@id\":\"https:\/\/steinzauber-online.de\/index.php\/produkt\/anhaenger-ginko-blatt-aus-925-sterling-silber\/\",\"url\":\"https:\/\/steinzauber-online.de\/index.php\/produkt\/anhaenger-ginko-blatt-aus-925-sterling-silber\/\",\"name\":\"Anh\u00e4nger Ginko Blatt aus 925 Sterling Silber - Steinzauber\u00ae\",\"isPartOf\":{\"@id\":\"https:\/\/steinzauber-online.de\/#website\"},\"primaryImageOfPage\":{\"@id\":\"https:\/\/steinzauber-online.de\/index.php\/produkt\/anhaenger-ginko-blatt-aus-925-sterling-silber\/#primaryimage\"},\"image\":{\"@id\":\"https:\/\/steinzauber-online.de\/index.php\/produkt\/anhaenger-ginko-blatt-aus-925-sterling-silber\/#primaryimage\"},\"thumbnailUrl\":\"https:\/\/steinzauber-online.de\/wp-content\/uploads\/2024\/03\/anhanger-ginko-silber-01-scaled.jpg\",\"datePublished\":\"2024-03-07T14:33:28+00:00\",\"dateModified\":\"2025-12-17T19:21:43+00:00\",\"description\":\"Anh\u00e4nger Ginko Blatt aus 925 Sterling Silber\",\"breadcrumb\":{\"@id\":\"https:\/\/steinzauber-online.de\/index.php\/produkt\/anhaenger-ginko-blatt-aus-925-sterling-silber\/#breadcrumb\"},\"inLanguage\":\"de\",\"potentialAction\":[{\"@type\":\"ReadAction\",\"target\":[\"https:\/\/steinzauber-online.de\/index.php\/produkt\/anhaenger-ginko-blatt-aus-925-sterling-silber\/\"]}]},{\"@type\":\"ImageObject\",\"inLanguage\":\"de\",\"@id\":\"https:\/\/steinzauber-online.de\/index.php\/produkt\/anhaenger-ginko-blatt-aus-925-sterling-silber\/#primaryimage\",\"url\":\"https:\/\/steinzauber-online.de\/wp-content\/uploads\/2024\/03\/anhanger-ginko-silber-01-scaled.jpg\",\"contentUrl\":\"https:\/\/steinzauber-online.de\/wp-content\/uploads\/2024\/03\/anhanger-ginko-silber-01-scaled.jpg\",\"width\":2560,\"height\":1920,\"caption\":\"Anh\u00e4nger Ginko Blatt aus 925 Sterling Silber\"},{\"@type\":\"BreadcrumbList\",\"@id\":\"https:\/\/steinzauber-online.de\/index.php\/produkt\/anhaenger-ginko-blatt-aus-925-sterling-silber\/#breadcrumb\",\"itemListElement\":[{\"@type\":\"ListItem\",\"position\":1,\"name\":\"Startseite\",\"item\":\"https:\/\/steinzauber-online.de\/\"},{\"@type\":\"ListItem\",\"position\":2,\"name\":\"Shop\",\"item\":\"https:\/\/steinzauber-online.de\/index.php\/shop\/\"},{\"@type\":\"ListItem\",\"position\":3,\"name\":\"Anh\u00e4nger Ginko Blatt aus 925 Sterling Silber\"}]},{\"@type\":\"WebSite\",\"@id\":\"https:\/\/steinzauber-online.de\/#website\",\"url\":\"https:\/\/steinzauber-online.de\/\",\"name\":\"Steinzauber\u00ae\",\"description\":\"Schmuck aus edlem Stein\",\"publisher\":{\"@id\":\"https:\/\/steinzauber-online.de\/#organization\"},\"potentialAction\":[{\"@type\":\"SearchAction\",\"target\":{\"@type\":\"EntryPoint\",\"urlTemplate\":\"https:\/\/steinzauber-online.de\/?s={search_term_string}\"},\"query-input\":{\"@type\":\"PropertyValueSpecification\",\"valueRequired\":true,\"valueName\":\"search_term_string\"}}],\"inLanguage\":\"de\"},{\"@type\":\"Organization\",\"@id\":\"https:\/\/steinzauber-online.de\/#organization\",\"name\":\"Steinzauber\",\"url\":\"https:\/\/steinzauber-online.de\/\",\"logo\":{\"@type\":\"ImageObject\",\"inLanguage\":\"de\",\"@id\":\"https:\/\/steinzauber-online.de\/#\/schema\/logo\/image\/\",\"url\":\"https:\/\/steinzauber-online.de\/wp-content\/uploads\/2021\/02\/Logo_500-262.jpg\",\"contentUrl\":\"https:\/\/steinzauber-online.de\/wp-content\/uploads\/2021\/02\/Logo_500-262.jpg\",\"width\":500,\"height\":262,\"caption\":\"Steinzauber\"},\"image\":{\"@id\":\"https:\/\/steinzauber-online.de\/#\/schema\/logo\/image\/\"},\"sameAs\":[\"https:\/\/de-de.facebook.com\/Steinzauber\/\",\"https:\/\/instagram.com\/steinzauber_schmuck?igshid=1fr2q2be784ld\"]}]}<\/script>\n<!-- \/ Yoast SEO plugin. -->","yoast_head_json":{"title":"Anh\u00e4nger Ginko Blatt aus 925 Sterling Silber - Steinzauber\u00ae","description":"Anh\u00e4nger Ginko Blatt aus 925 Sterling Silber","robots":{"index":"index","follow":"follow","max-snippet":"max-snippet:-1","max-image-preview":"max-image-preview:large","max-video-preview":"max-video-preview:-1"},"canonical":"https:\/\/steinzauber-online.de\/index.php\/produkt\/anhaenger-ginko-blatt-aus-925-sterling-silber\/","og_locale":"de_DE","og_type":"article","og_title":"Anh\u00e4nger Ginko Blatt aus 925 Sterling Silber - Steinzauber\u00ae","og_description":"Anh\u00e4nger Ginko Blatt aus 925 Sterling Silber","og_url":"https:\/\/steinzauber-online.de\/index.php\/produkt\/anhaenger-ginko-blatt-aus-925-sterling-silber\/","og_site_name":"Steinzauber\u00ae","article_publisher":"https:\/\/de-de.facebook.com\/Steinzauber\/","article_modified_time":"2025-12-17T19:21:43+00:00","og_image":[{"width":2560,"height":1920,"url":"https:\/\/steinzauber-online.de\/wp-content\/uploads\/2024\/03\/anhanger-ginko-silber-01-scaled.jpg","type":"image\/jpeg"}],"twitter_card":"summary_large_image","twitter_misc":{"Gesch\u00e4tzte Lesezeit":"3\u00a0Minuten"},"schema":{"@context":"https:\/\/schema.org","@graph":[{"@type":"WebPage","@id":"https:\/\/steinzauber-online.de\/index.php\/produkt\/anhaenger-ginko-blatt-aus-925-sterling-silber\/","url":"https:\/\/steinzauber-online.de\/index.php\/produkt\/anhaenger-ginko-blatt-aus-925-sterling-silber\/","name":"Anh\u00e4nger Ginko Blatt aus 925 Sterling Silber - Steinzauber\u00ae","isPartOf":{"@id":"https:\/\/steinzauber-online.de\/#website"},"primaryImageOfPage":{"@id":"https:\/\/steinzauber-online.de\/index.php\/produkt\/anhaenger-ginko-blatt-aus-925-sterling-silber\/#primaryimage"},"image":{"@id":"https:\/\/steinzauber-online.de\/index.php\/produkt\/anhaenger-ginko-blatt-aus-925-sterling-silber\/#primaryimage"},"thumbnailUrl":"https:\/\/steinzauber-online.de\/wp-content\/uploads\/2024\/03\/anhanger-ginko-silber-01-scaled.jpg","datePublished":"2024-03-07T14:33:28+00:00","dateModified":"2025-12-17T19:21:43+00:00","description":"Anh\u00e4nger Ginko Blatt aus 925 Sterling Silber","breadcrumb":{"@id":"https:\/\/steinzauber-online.de\/index.php\/produkt\/anhaenger-ginko-blatt-aus-925-sterling-silber\/#breadcrumb"},"inLanguage":"de","potentialAction":[{"@type":"ReadAction","target":["https:\/\/steinzauber-online.de\/index.php\/produkt\/anhaenger-ginko-blatt-aus-925-sterling-silber\/"]}]},{"@type":"ImageObject","inLanguage":"de","@id":"https:\/\/steinzauber-online.de\/index.php\/produkt\/anhaenger-ginko-blatt-aus-925-sterling-silber\/#primaryimage","url":"https:\/\/steinzauber-online.de\/wp-content\/uploads\/2024\/03\/anhanger-ginko-silber-01-scaled.jpg","contentUrl":"https:\/\/steinzauber-online.de\/wp-content\/uploads\/2024\/03\/anhanger-ginko-silber-01-scaled.jpg","width":2560,"height":1920,"caption":"Anh\u00e4nger Ginko Blatt aus 925 Sterling Silber"},{"@type":"BreadcrumbList","@id":"https:\/\/steinzauber-online.de\/index.php\/produkt\/anhaenger-ginko-blatt-aus-925-sterling-silber\/#breadcrumb","itemListElement":[{"@type":"ListItem","position":1,"name":"Startseite","item":"https:\/\/steinzauber-online.de\/"},{"@type":"ListItem","position":2,"name":"Shop","item":"https:\/\/steinzauber-online.de\/index.php\/shop\/"},{"@type":"ListItem","position":3,"name":"Anh\u00e4nger Ginko Blatt aus 925 Sterling Silber"}]},{"@type":"WebSite","@id":"https:\/\/steinzauber-online.de\/#website","url":"https:\/\/steinzauber-online.de\/","name":"Steinzauber\u00ae","description":"Schmuck aus edlem Stein","publisher":{"@id":"https:\/\/steinzauber-online.de\/#organization"},"potentialAction":[{"@type":"SearchAction","target":{"@type":"EntryPoint","urlTemplate":"https:\/\/steinzauber-online.de\/?s={search_term_string}"},"query-input":{"@type":"PropertyValueSpecification","valueRequired":true,"valueName":"search_term_string"}}],"inLanguage":"de"},{"@type":"Organization","@id":"https:\/\/steinzauber-online.de\/#organization","name":"Steinzauber","url":"https:\/\/steinzauber-online.de\/","logo":{"@type":"ImageObject","inLanguage":"de","@id":"https:\/\/steinzauber-online.de\/#\/schema\/logo\/image\/","url":"https:\/\/steinzauber-online.de\/wp-content\/uploads\/2021\/02\/Logo_500-262.jpg","contentUrl":"https:\/\/steinzauber-online.de\/wp-content\/uploads\/2021\/02\/Logo_500-262.jpg","width":500,"height":262,"caption":"Steinzauber"},"image":{"@id":"https:\/\/steinzauber-online.de\/#\/schema\/logo\/image\/"},"sameAs":["https:\/\/de-de.facebook.com\/Steinzauber\/","https:\/\/instagram.com\/steinzauber_schmuck?igshid=1fr2q2be784ld"]}]}},"jetpack_sharing_enabled":true,"_links":{"self":[{"href":"https:\/\/steinzauber-online.de\/index.php\/wp-json\/wp\/v2\/product\/21495","targetHints":{"allow":["GET"]}}],"collection":[{"href":"https:\/\/steinzauber-online.de\/index.php\/wp-json\/wp\/v2\/product"}],"about":[{"href":"https:\/\/steinzauber-online.de\/index.php\/wp-json\/wp\/v2\/types\/product"}],"wp:featuredmedia":[{"embeddable":true,"href":"https:\/\/steinzauber-online.de\/index.php\/wp-json\/wp\/v2\/media\/21496"}],"wp:attachment":[{"href":"https:\/\/steinzauber-online.de\/index.php\/wp-json\/wp\/v2\/media?parent=21495"}],"wp:term":[{"taxonomy":"product_brand","embeddable":true,"href":"https:\/\/steinzauber-online.de\/index.php\/wp-json\/wp\/v2\/product_brand?post=21495"},{"taxonomy":"product_cat","embeddable":true,"href":"https:\/\/steinzauber-online.de\/index.php\/wp-json\/wp\/v2\/product_cat?post=21495"},{"taxonomy":"product_tag","embeddable":true,"href":"https:\/\/steinzauber-online.de\/index.php\/wp-json\/wp\/v2\/product_tag?post=21495"}],"curies":[{"name":"wp","href":"https:\/\/api.w.org\/{rel}","templated":true}]}}