{"id":21251,"date":"2024-02-01T15:52:52","date_gmt":"2024-02-01T14:52:52","guid":{"rendered":"https:\/\/steinzauber-online.de\/?post_type=product&#038;p=21251"},"modified":"2025-05-14T12:30:27","modified_gmt":"2025-05-14T11:30:27","slug":"anhaenger-amethyst-gold","status":"publish","type":"product","link":"https:\/\/steinzauber-online.de\/index.php\/produkt\/anhaenger-amethyst-gold\/","title":{"rendered":"Anh\u00e4nger Amethyst Hart-Gold Auflage auf Silber"},"content":{"rendered":"<div>Wundersch\u00f6ner, schlichter Amethyst Anh\u00e4nger gefasst in hochwertiges, haltbares golplattiertes 925 Sterlingsilber.<\/div>\n<div>Durch den perfekten Facettenschliff bricht sich das Licht und verleiht diesem Anh\u00e4nger\u00a0 sein wunderbares lila Funkeln.<\/div>\n<div><\/div>\n<div>Ob zu einem sportlichen Outfit mit Jeans oder zu festlicher Garderobe, diese Anh\u00e4nger passten zu jeder Kleidung, Alter und jedem Anlass.<\/div>\n<div>Dieser wundersch\u00f6ne Schmuck eignet sich hervorragend um sich selbst etwas sch\u00f6nes zu g\u00f6nnen, oder als Geschenk f\u00fcr einen besonderen Menschen, Schmuck macht einfach gl\u00fccklich.<\/div>\n<div><\/div>\n<div>\u2605 Gr\u00f6\u00dfenangaben:<\/div>\n<div>\u2713 Der Gr\u00f6\u00dfe des Steins betr\u00e4gt incl. Fassung: ca. 12 x 10 mm<\/div>\n<div>\u2713 Die Gesamtgr\u00f6\u00dfe incl. der \u00d6se des Anh\u00e4ngers betr\u00e4gt ca.: 22 mm<\/div>\n<div>\u2713 Die \u00d6se hat einen \u00d6ffnung von ca.: 12 x 25 mm &#8211; damit ist sie sehr variabel und sowohl<\/div>\n<div>\u00a0 \u00a0 die vergoldete Halskette wie auch der Halsreif passen sehr gut hier.<\/div>\n<div><\/div>\n<div>\u2605 Material:<\/div>\n<div>\u2713 925 Sterling Silber mit einer hochwertigen Goldplattierung<\/div>\n<div>\u2713 Echter Amethyst<\/div>\n<p>\u2605 Lieferung:<br \/>\n\u2713 Dieses Schmuckst\u00fcck liefern wir euch sorgf\u00e4ltig und liebevoll verpackt mit versichertem Versand und Sendeverfolgung.<\/p>\n<p>\u2605 Service:<br \/>\n\u2713 Unser Service endet nicht mit dem Verkauf, unsere Manufaktur bietet Ihnen auch eine professionelle Schmuckreinigung der bei uns gekauften Schmuckst\u00fccke an. Dazu bitten wir vorab um Kontaktaufnahme.<\/p>\n<p>\u2713 Auf Wunsch verpacken wir Ihre Bestellung auch als Geschenk, der wir auch gerne eine pers\u00f6nliche Nachricht von Ihnen zuf\u00fcgen.<\/p>\n<p>\u2605 Herstellung:<br \/>\n\u2713 Jedes Schmuckst\u00fcck wird traditionell mit h\u00f6chster Pr\u00e4zision bis ins kleinste Detail von Hand gefertigt.<\/p>\n<p>\u2713 Bei allen Edelsteinen handelt es sich um Steine h\u00f6chster Qualit\u00e4t.<\/p>\n<p>\u2713 Alle Schmuckst\u00fccke sind mit einem Anlaufschutz versehen, allerdings liegt es in der Natur, dass mit der Zeit doch eine gewisse Oxydation sichtbar wird.<\/p>\n<p>\u2713 Alle Schmuckst\u00fccke werden mit Liebe hergestellt und wir freuen uns sehr \u00fcber R\u00fcckmeldungen und zufriedene Kunden.<br \/>\nWir sind erst dann gl\u00fccklich wenn es uns gelungen ist, euch (oder die von euch Beschenkten) gl\u00fccklich zu machen.<\/p>\n<p>Eure Petra von Steinzauber<\/p>\n<p><strong>Die abgebildete Kette oder der Halsreif ist nicht Bestandteil dieses Angebotes.<\/strong><\/p>\n","protected":false},"excerpt":{"rendered":"<p>Wundersch\u00f6ner, schlichter Amethyst Anh\u00e4nger gefasst in hochwertiges, haltbares golplattiertes 925 Sterlingsilber. Durch den perfekten Facettenschliff bricht sich das Licht und verleiht diesem Anh\u00e4nger\u00a0 sein wunderbares lila Funkeln. Ob zu einem sportlichen Outfit mit Jeans oder zu festlicher Garderobe, diese Anh\u00e4nger passten zu jeder Kleidung, Alter und jedem Anlass. Dieser wundersch\u00f6ne Schmuck eignet sich hervorragend um [&#8230;]<\/p>\n","protected":false},"featured_media":21252,"template":"","meta":[],"product_brand":[],"product_cat":[1708,603],"product_tag":[1698,1894,309,1893,1892,1706,203,1700,926],"class_list":{"0":"post-21251","1":"product","2":"type-product","3":"status-publish","4":"has-post-thumbnail","6":"product_cat-anhaenger-gold-steinen","7":"product_cat-neue-artikel-bei-steinzauber","8":"product_tag-925-silver-hartvergoldet","9":"product_tag-amethyst-anhaenger-facettiert","10":"product_tag-anhaenger","11":"product_tag-anhaenger-amethyst","12":"product_tag-anhaenger-amethyst-gold","13":"product_tag-schmuck-zu-brautkleid","14":"product_tag-silber","15":"product_tag-silber-goldplattiert","16":"product_tag-sterling-silber","18":"first","19":"instock","20":"taxable","21":"shipping-taxable","22":"purchasable","23":"product-type-simple"},"yoast_head":"<!-- This site is optimized with the Yoast SEO plugin v24.3 - https:\/\/yoast.com\/wordpress\/plugins\/seo\/ -->\n<title>Anh\u00e4nger Amethyst Hart-Gold Auflage auf Silber - Steinzauber\u00ae<\/title>\n<meta name=\"description\" content=\"Eleganter, zierlicher Anh\u00e4nger mit facettiertem Amethyst gefasst in plattiertes 925 Sterling Silber. Bei der Plattierung handelt es sich um eine besonders hochwertige, haltbare Hartvergoldung des 925ger Sterling Silbers, das besonders sch\u00f6n den Stein umschmeichelt.\" \/>\n<meta name=\"robots\" content=\"index, follow, max-snippet:-1, max-image-preview:large, max-video-preview:-1\" \/>\n<link rel=\"canonical\" href=\"https:\/\/steinzauber-online.de\/index.php\/produkt\/anhaenger-amethyst-gold\/\" \/>\n<meta property=\"og:locale\" content=\"de_DE\" \/>\n<meta property=\"og:type\" content=\"article\" \/>\n<meta property=\"og:title\" content=\"Anh\u00e4nger Amethyst Hart-Gold Auflage auf Silber - Steinzauber\u00ae\" \/>\n<meta property=\"og:description\" content=\"Eleganter, zierlicher Anh\u00e4nger mit facettiertem Amethyst gefasst in plattiertes 925 Sterling Silber. Bei der Plattierung handelt es sich um eine besonders hochwertige, haltbare Hartvergoldung des 925ger Sterling Silbers, das besonders sch\u00f6n den Stein umschmeichelt.\" \/>\n<meta property=\"og:url\" content=\"https:\/\/steinzauber-online.de\/index.php\/produkt\/anhaenger-amethyst-gold\/\" \/>\n<meta property=\"og:site_name\" content=\"Steinzauber\u00ae\" \/>\n<meta property=\"article:publisher\" content=\"https:\/\/de-de.facebook.com\/Steinzauber\/\" \/>\n<meta property=\"article:modified_time\" content=\"2025-05-14T11:30:27+00:00\" \/>\n<meta property=\"og:image\" content=\"https:\/\/steinzauber-online.de\/wp-content\/uploads\/2024\/02\/anhanger-amethyst-gold-01.jpg\" \/>\n\t<meta property=\"og:image:width\" content=\"1629\" \/>\n\t<meta property=\"og:image:height\" content=\"1177\" \/>\n\t<meta property=\"og:image:type\" content=\"image\/jpeg\" \/>\n<meta name=\"twitter:card\" content=\"summary_large_image\" \/>\n<meta name=\"twitter:label1\" content=\"Gesch\u00e4tzte Lesezeit\" \/>\n\t<meta name=\"twitter:data1\" content=\"2\u00a0Minuten\" \/>\n<script type=\"application\/ld+json\" class=\"yoast-schema-graph\">{\"@context\":\"https:\/\/schema.org\",\"@graph\":[{\"@type\":\"WebPage\",\"@id\":\"https:\/\/steinzauber-online.de\/index.php\/produkt\/anhaenger-amethyst-gold\/\",\"url\":\"https:\/\/steinzauber-online.de\/index.php\/produkt\/anhaenger-amethyst-gold\/\",\"name\":\"Anh\u00e4nger Amethyst Hart-Gold Auflage auf Silber - Steinzauber\u00ae\",\"isPartOf\":{\"@id\":\"https:\/\/steinzauber-online.de\/#website\"},\"primaryImageOfPage\":{\"@id\":\"https:\/\/steinzauber-online.de\/index.php\/produkt\/anhaenger-amethyst-gold\/#primaryimage\"},\"image\":{\"@id\":\"https:\/\/steinzauber-online.de\/index.php\/produkt\/anhaenger-amethyst-gold\/#primaryimage\"},\"thumbnailUrl\":\"https:\/\/steinzauber-online.de\/wp-content\/uploads\/2024\/02\/anhanger-amethyst-gold-01.jpg\",\"datePublished\":\"2024-02-01T14:52:52+00:00\",\"dateModified\":\"2025-05-14T11:30:27+00:00\",\"description\":\"Eleganter, zierlicher Anh\u00e4nger mit facettiertem Amethyst gefasst in plattiertes 925 Sterling Silber. Bei der Plattierung handelt es sich um eine besonders hochwertige, haltbare Hartvergoldung des 925ger Sterling Silbers, das besonders sch\u00f6n den Stein umschmeichelt.\",\"breadcrumb\":{\"@id\":\"https:\/\/steinzauber-online.de\/index.php\/produkt\/anhaenger-amethyst-gold\/#breadcrumb\"},\"inLanguage\":\"de\",\"potentialAction\":[{\"@type\":\"ReadAction\",\"target\":[\"https:\/\/steinzauber-online.de\/index.php\/produkt\/anhaenger-amethyst-gold\/\"]}]},{\"@type\":\"ImageObject\",\"inLanguage\":\"de\",\"@id\":\"https:\/\/steinzauber-online.de\/index.php\/produkt\/anhaenger-amethyst-gold\/#primaryimage\",\"url\":\"https:\/\/steinzauber-online.de\/wp-content\/uploads\/2024\/02\/anhanger-amethyst-gold-01.jpg\",\"contentUrl\":\"https:\/\/steinzauber-online.de\/wp-content\/uploads\/2024\/02\/anhanger-amethyst-gold-01.jpg\",\"width\":1629,\"height\":1177,\"caption\":\"Anh\u00e4nger Amethyst Gold\"},{\"@type\":\"BreadcrumbList\",\"@id\":\"https:\/\/steinzauber-online.de\/index.php\/produkt\/anhaenger-amethyst-gold\/#breadcrumb\",\"itemListElement\":[{\"@type\":\"ListItem\",\"position\":1,\"name\":\"Startseite\",\"item\":\"https:\/\/steinzauber-online.de\/\"},{\"@type\":\"ListItem\",\"position\":2,\"name\":\"Shop\",\"item\":\"https:\/\/steinzauber-online.de\/index.php\/shop\/\"},{\"@type\":\"ListItem\",\"position\":3,\"name\":\"Anh\u00e4nger Amethyst Hart-Gold Auflage auf Silber\"}]},{\"@type\":\"WebSite\",\"@id\":\"https:\/\/steinzauber-online.de\/#website\",\"url\":\"https:\/\/steinzauber-online.de\/\",\"name\":\"Steinzauber\u00ae\",\"description\":\"Schmuck aus edlem Stein\",\"publisher\":{\"@id\":\"https:\/\/steinzauber-online.de\/#organization\"},\"potentialAction\":[{\"@type\":\"SearchAction\",\"target\":{\"@type\":\"EntryPoint\",\"urlTemplate\":\"https:\/\/steinzauber-online.de\/?s={search_term_string}\"},\"query-input\":{\"@type\":\"PropertyValueSpecification\",\"valueRequired\":true,\"valueName\":\"search_term_string\"}}],\"inLanguage\":\"de\"},{\"@type\":\"Organization\",\"@id\":\"https:\/\/steinzauber-online.de\/#organization\",\"name\":\"Steinzauber\",\"url\":\"https:\/\/steinzauber-online.de\/\",\"logo\":{\"@type\":\"ImageObject\",\"inLanguage\":\"de\",\"@id\":\"https:\/\/steinzauber-online.de\/#\/schema\/logo\/image\/\",\"url\":\"https:\/\/steinzauber-online.de\/wp-content\/uploads\/2021\/02\/Logo_500-262.jpg\",\"contentUrl\":\"https:\/\/steinzauber-online.de\/wp-content\/uploads\/2021\/02\/Logo_500-262.jpg\",\"width\":500,\"height\":262,\"caption\":\"Steinzauber\"},\"image\":{\"@id\":\"https:\/\/steinzauber-online.de\/#\/schema\/logo\/image\/\"},\"sameAs\":[\"https:\/\/de-de.facebook.com\/Steinzauber\/\",\"https:\/\/instagram.com\/steinzauber_schmuck?igshid=1fr2q2be784ld\"]}]}<\/script>\n<!-- \/ Yoast SEO plugin. -->","yoast_head_json":{"title":"Anh\u00e4nger Amethyst Hart-Gold Auflage auf Silber - Steinzauber\u00ae","description":"Eleganter, zierlicher Anh\u00e4nger mit facettiertem Amethyst gefasst in plattiertes 925 Sterling Silber. Bei der Plattierung handelt es sich um eine besonders hochwertige, haltbare Hartvergoldung des 925ger Sterling Silbers, das besonders sch\u00f6n den Stein umschmeichelt.","robots":{"index":"index","follow":"follow","max-snippet":"max-snippet:-1","max-image-preview":"max-image-preview:large","max-video-preview":"max-video-preview:-1"},"canonical":"https:\/\/steinzauber-online.de\/index.php\/produkt\/anhaenger-amethyst-gold\/","og_locale":"de_DE","og_type":"article","og_title":"Anh\u00e4nger Amethyst Hart-Gold Auflage auf Silber - Steinzauber\u00ae","og_description":"Eleganter, zierlicher Anh\u00e4nger mit facettiertem Amethyst gefasst in plattiertes 925 Sterling Silber. Bei der Plattierung handelt es sich um eine besonders hochwertige, haltbare Hartvergoldung des 925ger Sterling Silbers, das besonders sch\u00f6n den Stein umschmeichelt.","og_url":"https:\/\/steinzauber-online.de\/index.php\/produkt\/anhaenger-amethyst-gold\/","og_site_name":"Steinzauber\u00ae","article_publisher":"https:\/\/de-de.facebook.com\/Steinzauber\/","article_modified_time":"2025-05-14T11:30:27+00:00","og_image":[{"width":1629,"height":1177,"url":"https:\/\/steinzauber-online.de\/wp-content\/uploads\/2024\/02\/anhanger-amethyst-gold-01.jpg","type":"image\/jpeg"}],"twitter_card":"summary_large_image","twitter_misc":{"Gesch\u00e4tzte Lesezeit":"2\u00a0Minuten"},"schema":{"@context":"https:\/\/schema.org","@graph":[{"@type":"WebPage","@id":"https:\/\/steinzauber-online.de\/index.php\/produkt\/anhaenger-amethyst-gold\/","url":"https:\/\/steinzauber-online.de\/index.php\/produkt\/anhaenger-amethyst-gold\/","name":"Anh\u00e4nger Amethyst Hart-Gold Auflage auf Silber - Steinzauber\u00ae","isPartOf":{"@id":"https:\/\/steinzauber-online.de\/#website"},"primaryImageOfPage":{"@id":"https:\/\/steinzauber-online.de\/index.php\/produkt\/anhaenger-amethyst-gold\/#primaryimage"},"image":{"@id":"https:\/\/steinzauber-online.de\/index.php\/produkt\/anhaenger-amethyst-gold\/#primaryimage"},"thumbnailUrl":"https:\/\/steinzauber-online.de\/wp-content\/uploads\/2024\/02\/anhanger-amethyst-gold-01.jpg","datePublished":"2024-02-01T14:52:52+00:00","dateModified":"2025-05-14T11:30:27+00:00","description":"Eleganter, zierlicher Anh\u00e4nger mit facettiertem Amethyst gefasst in plattiertes 925 Sterling Silber. Bei der Plattierung handelt es sich um eine besonders hochwertige, haltbare Hartvergoldung des 925ger Sterling Silbers, das besonders sch\u00f6n den Stein umschmeichelt.","breadcrumb":{"@id":"https:\/\/steinzauber-online.de\/index.php\/produkt\/anhaenger-amethyst-gold\/#breadcrumb"},"inLanguage":"de","potentialAction":[{"@type":"ReadAction","target":["https:\/\/steinzauber-online.de\/index.php\/produkt\/anhaenger-amethyst-gold\/"]}]},{"@type":"ImageObject","inLanguage":"de","@id":"https:\/\/steinzauber-online.de\/index.php\/produkt\/anhaenger-amethyst-gold\/#primaryimage","url":"https:\/\/steinzauber-online.de\/wp-content\/uploads\/2024\/02\/anhanger-amethyst-gold-01.jpg","contentUrl":"https:\/\/steinzauber-online.de\/wp-content\/uploads\/2024\/02\/anhanger-amethyst-gold-01.jpg","width":1629,"height":1177,"caption":"Anh\u00e4nger Amethyst Gold"},{"@type":"BreadcrumbList","@id":"https:\/\/steinzauber-online.de\/index.php\/produkt\/anhaenger-amethyst-gold\/#breadcrumb","itemListElement":[{"@type":"ListItem","position":1,"name":"Startseite","item":"https:\/\/steinzauber-online.de\/"},{"@type":"ListItem","position":2,"name":"Shop","item":"https:\/\/steinzauber-online.de\/index.php\/shop\/"},{"@type":"ListItem","position":3,"name":"Anh\u00e4nger Amethyst Hart-Gold Auflage auf Silber"}]},{"@type":"WebSite","@id":"https:\/\/steinzauber-online.de\/#website","url":"https:\/\/steinzauber-online.de\/","name":"Steinzauber\u00ae","description":"Schmuck aus edlem Stein","publisher":{"@id":"https:\/\/steinzauber-online.de\/#organization"},"potentialAction":[{"@type":"SearchAction","target":{"@type":"EntryPoint","urlTemplate":"https:\/\/steinzauber-online.de\/?s={search_term_string}"},"query-input":{"@type":"PropertyValueSpecification","valueRequired":true,"valueName":"search_term_string"}}],"inLanguage":"de"},{"@type":"Organization","@id":"https:\/\/steinzauber-online.de\/#organization","name":"Steinzauber","url":"https:\/\/steinzauber-online.de\/","logo":{"@type":"ImageObject","inLanguage":"de","@id":"https:\/\/steinzauber-online.de\/#\/schema\/logo\/image\/","url":"https:\/\/steinzauber-online.de\/wp-content\/uploads\/2021\/02\/Logo_500-262.jpg","contentUrl":"https:\/\/steinzauber-online.de\/wp-content\/uploads\/2021\/02\/Logo_500-262.jpg","width":500,"height":262,"caption":"Steinzauber"},"image":{"@id":"https:\/\/steinzauber-online.de\/#\/schema\/logo\/image\/"},"sameAs":["https:\/\/de-de.facebook.com\/Steinzauber\/","https:\/\/instagram.com\/steinzauber_schmuck?igshid=1fr2q2be784ld"]}]}},"jetpack_sharing_enabled":true,"_links":{"self":[{"href":"https:\/\/steinzauber-online.de\/index.php\/wp-json\/wp\/v2\/product\/21251","targetHints":{"allow":["GET"]}}],"collection":[{"href":"https:\/\/steinzauber-online.de\/index.php\/wp-json\/wp\/v2\/product"}],"about":[{"href":"https:\/\/steinzauber-online.de\/index.php\/wp-json\/wp\/v2\/types\/product"}],"wp:featuredmedia":[{"embeddable":true,"href":"https:\/\/steinzauber-online.de\/index.php\/wp-json\/wp\/v2\/media\/21252"}],"wp:attachment":[{"href":"https:\/\/steinzauber-online.de\/index.php\/wp-json\/wp\/v2\/media?parent=21251"}],"wp:term":[{"taxonomy":"product_brand","embeddable":true,"href":"https:\/\/steinzauber-online.de\/index.php\/wp-json\/wp\/v2\/product_brand?post=21251"},{"taxonomy":"product_cat","embeddable":true,"href":"https:\/\/steinzauber-online.de\/index.php\/wp-json\/wp\/v2\/product_cat?post=21251"},{"taxonomy":"product_tag","embeddable":true,"href":"https:\/\/steinzauber-online.de\/index.php\/wp-json\/wp\/v2\/product_tag?post=21251"}],"curies":[{"name":"wp","href":"https:\/\/api.w.org\/{rel}","templated":true}]}}